{"id":50,"date":"2019-04-15T16:55:55","date_gmt":"2019-04-15T14:55:55","guid":{"rendered":"http:\/\/seamobb.osupytheas.fr\/?page_id=50"},"modified":"2019-05-15T21:29:05","modified_gmt":"2019-05-15T19:29:05","slug":"partners","status":"publish","type":"page","link":"https:\/\/seamobb.osupytheas.fr\/?page_id=50","title":{"rendered":"Partners"},"content":{"rendered":"\n<p>The SEAMoBB european project gathers a consortium of 3 academic partners and 2 enterprises from France, Italy and Spain:<\/p>\n\n\n\n<p><a href=\"https:\/\/www.imbe.fr\/\" target=\"_blank\" rel=\"noreferrer noopener\" aria-label=\"IMBE (Institut M\u00e9diterran\u00e9en de Biodiversit\u00e9 et Ecologie), France (s\u2019ouvre dans un nouvel onglet)\">IMBE (Institut M\u00e9diterran\u00e9en de Biodiversit\u00e9 et Ecologie), France<\/a><\/p>\n\n\n\n<p><a href=\"https:\/\/www.mio.osupytheas.fr\/en\" target=\"_blank\" rel=\"noreferrer noopener\" aria-label=\"MIO (Mediterranean Institute of Oceanology), France (s\u2019ouvre dans un nouvel onglet)\">MIO (Mediterranean Institute of Oceanology), France<\/a><\/p>\n\n\n\n<p><a rel=\"noreferrer noopener\" aria-label=\"STARESO, France (s\u2019ouvre dans un nouvel onglet)\" href=\"http:\/\/www.stareso.com\/\" target=\"_blank\">STARESO, France<\/a><\/p>\n\n\n\n<p><a rel=\"noreferrer noopener\" aria-label=\" UNIBO (University of Bologna), Italy (s\u2019ouvre dans un nouvel onglet)\" href=\"https:\/\/www.unibo.it\/en\" target=\"_blank\">UNIBO (University of Bologna), Italy<\/a><\/p>\n\n\n\n<p><a rel=\"noreferrer noopener\" aria-label=\" TAXON Estudios Ambientales, Spain (s\u2019ouvre dans un nouvel onglet)\" href=\"https:\/\/www.taxon.es\/\" target=\"_blank\">TAXON Estudios Ambientales, Spain<\/a><\/p>\n","protected":false},"excerpt":{"rendered":"<p>The SEAMoBB european project gathers a consortium of 3 academic partners and 2 enterprises from France, Italy and Spain: IMBE (Institut M\u00e9diterran\u00e9en de Biodiversit\u00e9 et Ecologie), France MIO (Mediterranean Institute of Oceanology), France STARESO, France UNIBO (University of Bologna), Italy TAXON Estudios Ambientales, Spain<\/p>\n","protected":false},"author":6,"featured_media":354,"parent":0,"menu_order":0,"comment_status":"closed","ping_status":"closed","template":"","meta":{"footnotes":""},"class_list":["post-50","page","type-page","status-publish","has-post-thumbnail","hentry"],"_links":{"self":[{"href":"https:\/\/seamobb.osupytheas.fr\/index.php?rest_route=\/wp\/v2\/pages\/50","targetHints":{"allow":["GET"]}}],"collection":[{"href":"https:\/\/seamobb.osupytheas.fr\/index.php?rest_route=\/wp\/v2\/pages"}],"about":[{"href":"https:\/\/seamobb.osupytheas.fr\/index.php?rest_route=\/wp\/v2\/types\/page"}],"author":[{"embeddable":true,"href":"https:\/\/seamobb.osupytheas.fr\/index.php?rest_route=\/wp\/v2\/users\/6"}],"replies":[{"embeddable":true,"href":"https:\/\/seamobb.osupytheas.fr\/index.php?rest_route=%2Fwp%2Fv2%2Fcomments&post=50"}],"version-history":[{"count":2,"href":"https:\/\/seamobb.osupytheas.fr\/index.php?rest_route=\/wp\/v2\/pages\/50\/revisions"}],"predecessor-version":[{"id":191,"href":"https:\/\/seamobb.osupytheas.fr\/index.php?rest_route=\/wp\/v2\/pages\/50\/revisions\/191"}],"wp:featuredmedia":[{"embeddable":true,"href":"https:\/\/seamobb.osupytheas.fr\/index.php?rest_route=\/wp\/v2\/media\/354"}],"wp:attachment":[{"href":"https:\/\/seamobb.osupytheas.fr\/index.php?rest_route=%2Fwp%2Fv2%2Fmedia&parent=50"}],"curies":[{"name":"wp","href":"https:\/\/api.w.org\/{rel}","templated":true}]}}